111
In base 7, what is 215366 - -11?
215410
In base 9, what is 0 - -138865?
138865
In base 4, what is 1231222 - 30311?
1200311
In base 8, what is -1030 + -324?
-1354
In base 6, what is -110333 + 4?
-110325
In base 6, what is -143120424 - -5?
-143120415
In base 11, what is 10461 + -43?
10419
In base 9, what is 120106 - -32?
120138
In base 12, what is -4 - -1714?
1710
In base 14, what is 6563 + 2?
6565
In base 6, what is -4 - -1312413?
1312405
In base 3, what is -20022121 + -200?
-20100021
In base 5, what is -41423 + 30020?
-11403
In base 15, what is 5b34 - 15?
5b1e
In base 3, what is 1012022 + 11?
1012110
In base 5, what is 212423444 - 4?
212423440
In base 4, what is 111 + 211011321?
211012032
In base 9, what is 0 - -163872?
163872
In base 14, what is 2c971 - -5?
2c976
In base 16, what is 49d + 30?
4cd
In base 10, what is -644 - -1920?
1276
In base 16, what is -1956 - 63?
-19b9
In base 16, what is ce - -71?
13f
In base 15, what is 7258 + ee?
7357
In base 4, what is -333212 - 30?
-333302
In base 6, what is 5234 + 53?
5331
In base 16, what is 1844 - 10?
1834
In base 11, what is -42 - 108aa?
-10941
In base 7, what is 1154120 + 0?
1154120
In base 6, what is -154 - 53113?
-53311
In base 5, what is 11 - -422311?
422322
In base 15, what is -9 - -8c889?
8c880
In base 16, what is 1bf + -ff?
c0
In base 12, what is 4ba38 - 4?
4ba34
In base 11, what is 14332a - 1?
143329
In base 2, what is -11 + 1111111001011010?
1111111001010111
In base 3, what is -212 - 221000100?
-221001012
In base 14, what is -3201 - -30?
-31b1
In base 2, what is -110011011001 - -10100111?
-110000110010
In base 16, what is -4e + -f10?
-f5e
In base 9, what is 28 - 117225?
-117186
In base 14, what is -d8c + 91?
-cdb
In base 11, what is -1346 - -1?
-1345
In base 4, what is 211 - -1331?
2202
In base 9, what is 3 + 1363453?
1363456
In base 2, what is -1010111 - 10111?
-1101110
In base 11, what is 1aa7 + 16?
2012
In base 8, what is -53241 + 35?
-53204
In base 7, what is -451155 - -5?
-451150
In base 4, what is -30331 + -3120?
-100111
In base 15, what is -3a + 7ae2?
7aa7
In base 2, what is -101 - -11011110111000?
11011110110011
In base 4, what is -103 + 13102222?
13102113
In base 6, what is 10051053 - 5?
10051044
In base 16, what is 2 - ad?
-ab
In base 4, what is 1012300113 + 11?
1012300130
In base 15, what is 63 + a323?
a386
In base 7, what is 114606 + 333?
115242
In base 13, what is 3540 - -8?
3548
In base 13, what is -151 + -4191?
-4312
In base 6, what is 2124453 + 5?
2124502
In base 11, what is 9 + 438?
446
In base 8, what is -2 - -222507?
222505
In base 4, what is -22132200 - -1?
-22132133
In base 12, what is -b - -4b79?
4b6a
In base 9, what is 3775 - -12?
3787
In base 3, what is 2100111 + -10202?
2012202
In base 14, what is -c - 2cc0?
-2ccc
In base 16, what is 46a79 - 10?
46a69
In base 7, what is -36610 - 15?
-36625
In base 12, what is 1931216 + -4?
1931212
In base 2, what is 1111110111011 - -1011?
1111111000110
In base 3, what is -1 - 100100221111?
-100100221112
In base 5, what is 333043 + -2?
333041
In base 3, what is -2 - -202021002000?
202021001221
In base 13, what is -6a1 - -255?
-449
In base 12, what is 8b13b + -4?
8b137
In base 4, what is -11330300 + -1?
-11330301
In base 3, what is -10212 - 102022012?
-102110001
In base 16, what is 8eb5 - 4?
8eb1
In base 11, what is 3397 - 50?
3347
In base 10, what is -270568 + -10?
-270578
In base 16, what is 302660 - -2?
302662
In base 12, what is 1b13a4 - -1?
1b13a5
In base 14, what is 138 + 248?
382
In base 5, what is 4034 + -32?
4002
In base 10, what is 554019 - 4?
554015
In base 3, what is 1 - -11220102?
11220110
In base 13, what is 52 - a32?
-9b0
In base 2, what is 10011111001 + -101010?
10011001111
In base 6, what is 324 - 44305?
-43541
In base 7, what is 664 + -122?
542
In base 12, what is 574 + 43?
5b7
In base 15, what is -147 + -73?
-1ba
In base 14, what is -6da + 53?
-687
In base 6, what is -33 + -24153?
-24230
In base 16, what is 998e - -2?
9990
In base 2, what is 11001000 + 111110000?
1010111000
In base 2, what is 100111101110101 - 11?
100111101110010
In base 6, what is -510205 - 1?
-510210
In base 13, what is 69 + 3434?
34a0
In base 5, what is 4 + 11413013?
11413022
In base 10, what is -50298 + 24?
-50274
In base 8, what is -11653 - -147?
-11504
In base 4, what is -232 + -1330110?
-1331002
In base 2, what is -11 - 11001001001000010101?
-11001001001000011000
In base 11, what is -5 + 10704?
106aa
In base 6, what is 1 - -1424041?
1424042
In base 10, what is -8 + 185?
177
In base 16, what is -1 - -79f9?
79f8
In base 9, what is 520270 - -17?
520287
In base 8, what is 126376 - -5?
126403
In base 8, what is -42 + 44206?
44144
In base 2, what is 11 - -1000111111001011111?
1000111111001100010
In base 14, what is 1d79 + 13?
1d8c
In base 5, what is -21340 - 44220?
-121110
In base 6, what is -152 - -4141?
3545
In base 6, what is 325532 - -11?
325543
In base 9, what is 70633 - 4?
70628
In base 16, what is 1 + -b37c?
-b37b
In base 12, what is 36 + 3343?
3379
In base 10, what is -30055 - 5?
-30060
In base 10, what is -47 - 1078?
-1125
In base 12, what is a - 21?
-13
In base 6, what is 325 + 101?
430
In base 5, what is -1 + 343011?
343010
In base 8, what is 142 + -2012?
-1650
In base 9, what is 2236706 - -3?
2236710
In base 13, what is -5 - -81b0?
81a8
In base 6, what is 1 + -21402012?
-21402011
In base 8, what is -4057 + -17?
-4076
In base 3, what is -2001021 + -10202?
-2012000
In base 15, what is -2b9 - -4a?
-26e
In base 4, what is 1221201231 + -1?
1221201230
In base 8, what is 5 - 72541?
-72534
In base 6, what is -55 + 140?
41
In base 10, what is 50863 + -1?
50862
In base 5, what is -10 + -211432?
-211442
In base 12, what is 4 + -4220?
-4218
In base 8, what is -362 + -5?
-367
In base 12, what is -4b6 + 643?
149
In base 10, what is 353060 - 1?
353059
In base 9, what is -85132 + -2?
-85134
In base 4, what is -2 - 2202202?
-2202210
In base 3, what is -121000000 - -10?
-120222220
In base 3, what is 12 + 11202122?
11202211
In base 4, what is -12302030201 + -1?
-12302030202
In base 9, what is -20735 + -75?
-20821
In base 12, what is -6 + -6095?
-609b
In base 15, what is -6 - -9045a?
90454
In base 11, what is 3019a31 + -3?
3019a29
In base 3, what is 20 + -21212000?
-21211210
In base 9, what is -54 - -32147?
32083
In base 15, what is 9d - -194?
242
In base 9, what is 1261138 - 2?
1261136
In base 7, what is -23 - 13326?
-13352
In base 5, what is -13111000 - 1?
-13111001
In base 10, what is 182129 + -4?
182125
In base 2, what is 1110000001100110011 - 10?
1110000001100110001
In base 15, what is -182 - -309?
177
In base 2, what is 1110 - -1101000010001001001?
1101000010001010111
In base 11, what is 36aa - 175?
3535
In base 8, what is -52563 - -1?
-52562
In base 2, what is 11 + 101101111011010001?
101101111011010100
In base 7, what is 4 - 263252?
-263245
In base 15, what is 399e5 - -8?
399ed
In base 2, what is -100101011 - -1011001?
-11010010
In base 7, what is 2 + 203643?
203645
In base 7, what is 6300604 - 1?
6300603
In base 3, what is -1 + -101001110022?
-101001110100
In base 8, what is -65 + 65613?
65526
In base 5, what is -2421 + -101?
-3022
In base 6, what is 103 - -3251?
3354
In base 16, what is -241 - -71?
-1d0
In base 9, what is -11238 - -10?
-11228
In base 13, what is -a + a875?
a868
In base 10, what is 44 + 1428?
1472
In base 5, what is 131330 + 220?
132100
In base 14, what is -35 + -d69?
-da0
In base 13, what is 87 + -a07?
-950
In base 9, what is 1673468 - 3?
1673465
In base 10, what is -18071 + 44?
-18027
In base 4, what is 11001 + 23031?
100032
In base 6, what is 113 + -253434?
-253321
In base 7, what is -36 - -6236?
6200
In base 6, what is 542 + 25033?
30015
In base 14, what is -ac1c6 + 4?
-ac1c2
In base 9, what is 2 - -81448?
81451
In base 10, what is -2812958 + -4?
-2812962
In base 16, what is -d0 - -b1e?
a4e
In base 9, what is -7287 + -138?
-7436
In base 14, what is -37 + 21c9b?
21c64
In base 9, what is 135 - 12747?
-12612
In base 14, what is 190a7c + 1?
190a7d
In base 4, what is -121022000 - 13?
-121022013
In base 10, what is 1 + -4327?
-4326
In base 3, what is 120 + -2210?
-2020
In base 6, what is -351 + 3014?
2223
In base 4, what is -110121 + -12332?
-123113
In base 9, what is 2 - 182846?
-182844
In base 5, what is -3 + 4024213?
4